{"id":1660,"date":"2013-01-16T17:06:57","date_gmt":"2013-01-16T16:06:57","guid":{"rendered":"http:\/\/citrothello.net\/blog\/?page_id=1660"},"modified":"2025-08-26T20:40:21","modified_gmt":"2025-08-26T19:40:21","slug":"restaurations-sm-4","status":"publish","type":"page","link":"https:\/\/citrothello.net\/blog\/restaurations-sm-4\/","title":{"rendered":"Restaurations SM"},"content":{"rendered":"<div class=\"mceTemp\">\u00a0<\/div>\n<p><em><strong>LES CITRO\u00cbN SM QUE J&rsquo;AI RESTAUR\u00c9ES (COMPL\u00c8TES\u00a0OU PARTIELLES), OU EN COURS DE RESTAURATION.<\/strong><\/em><\/p>\n<p><a href=\"https:\/\/citrothello.net\/blog\/sm_03_-1973_pim_01\/\"><img loading=\"lazy\" class=\"wp-image-13073 alignleft\" src=\"https:\/\/citrothello.net\/blog\/wp-content\/uploads\/2025\/08\/IMG-20250804-WA0001.jpg\" alt=\"\" width=\"262\" height=\"196\" srcset=\"https:\/\/citrothello.net\/blog\/wp-content\/uploads\/2025\/08\/IMG-20250804-WA0001.jpg 2000w, https:\/\/citrothello.net\/blog\/wp-content\/uploads\/2025\/08\/IMG-20250804-WA0001-300x225.jpg 300w, https:\/\/citrothello.net\/blog\/wp-content\/uploads\/2025\/08\/IMG-20250804-WA0001-1024x768.jpg 1024w, https:\/\/citrothello.net\/blog\/wp-content\/uploads\/2025\/08\/IMG-20250804-WA0001-768x576.jpg 768w, https:\/\/citrothello.net\/blog\/wp-content\/uploads\/2025\/08\/IMG-20250804-WA0001-1536x1152.jpg 1536w, https:\/\/citrothello.net\/blog\/wp-content\/uploads\/2025\/08\/IMG-20250804-WA0001-480x360.jpg 480w\" sizes=\"(max-width: 262px) 100vw, 262px\" \/><\/a><\/p>\n<p><a style=\"display: inline !important;\" href=\"https:\/\/citrothello.net\/blog\/sm_1970_nicoetdom_01\/\" target=\"_blank\" rel=\"noopener\"><img loading=\"lazy\" class=\"wp-image-11872\" src=\"https:\/\/citrothello.net\/blog\/wp-content\/uploads\/2022\/11\/SM-1971-MASSIMILIANO-0451.jpg\" alt=\"\" width=\"258\" height=\"193\" srcset=\"https:\/\/citrothello.net\/blog\/wp-content\/uploads\/2022\/11\/SM-1971-MASSIMILIANO-0451.jpg 971w, https:\/\/citrothello.net\/blog\/wp-content\/uploads\/2022\/11\/SM-1971-MASSIMILIANO-0451-300x225.jpg 300w, https:\/\/citrothello.net\/blog\/wp-content\/uploads\/2022\/11\/SM-1971-MASSIMILIANO-0451-768x576.jpg 768w, https:\/\/citrothello.net\/blog\/wp-content\/uploads\/2022\/11\/SM-1971-MASSIMILIANO-0451-480x360.jpg 480w\" sizes=\"(max-width: 258px) 100vw, 258px\" \/><img loading=\"lazy\" class=\"wp-image-13080 alignleft\" src=\"https:\/\/citrothello.net\/blog\/wp-content\/uploads\/2025\/08\/20250220_134730.jpg\" alt=\"\" width=\"258\" height=\"193\" srcset=\"https:\/\/citrothello.net\/blog\/wp-content\/uploads\/2025\/08\/20250220_134730.jpg 971w, https:\/\/citrothello.net\/blog\/wp-content\/uploads\/2025\/08\/20250220_134730-300x225.jpg 300w, https:\/\/citrothello.net\/blog\/wp-content\/uploads\/2025\/08\/20250220_134730-768x576.jpg 768w, https:\/\/citrothello.net\/blog\/wp-content\/uploads\/2025\/08\/20250220_134730-480x360.jpg 480w\" sizes=\"(max-width: 258px) 100vw, 258px\" \/><\/a><\/p>\n<p>SM 1973 RESTAURATION TOTALE\u00a0 \u00a0 \u00a0 \u00a0 \u00a0SM 1970 DOM ET NICO RESTAU TOTALE SM 1971 CARBU GRIS METAL<\/p>\n<p>\u00a0<\/p>\n<div id=\"attachment_11870\" style=\"width: 277px\" class=\"wp-caption alignleft\"><a href=\"https:\/\/citrothello.net\/blog\/sm_1971_francois_03\/\" target=\"_blank\" rel=\"noopener\"><img aria-describedby=\"caption-attachment-11870\" loading=\"lazy\" class=\"wp-image-11870\" src=\"https:\/\/citrothello.net\/blog\/wp-content\/uploads\/2022\/11\/SM-1971-FRANCOIS-BLANCHE-0729.jpg\" alt=\"\" width=\"267\" height=\"200\" srcset=\"https:\/\/citrothello.net\/blog\/wp-content\/uploads\/2022\/11\/SM-1971-FRANCOIS-BLANCHE-0729.jpg 971w, https:\/\/citrothello.net\/blog\/wp-content\/uploads\/2022\/11\/SM-1971-FRANCOIS-BLANCHE-0729-300x225.jpg 300w, https:\/\/citrothello.net\/blog\/wp-content\/uploads\/2022\/11\/SM-1971-FRANCOIS-BLANCHE-0729-768x576.jpg 768w, https:\/\/citrothello.net\/blog\/wp-content\/uploads\/2022\/11\/SM-1971-FRANCOIS-BLANCHE-0729-480x360.jpg 480w\" sizes=\"(max-width: 267px) 100vw, 267px\" \/><\/a><p id=\"caption-attachment-11870\" class=\"wp-caption-text\">SM DE FRANCOIS DE SON PAPA 1971<\/p><\/div>\n<p>\u00a0<\/p>\n<div id=\"attachment_11863\" style=\"width: 277px\" class=\"wp-caption alignleft\"><a style=\"display: inline !important;\" href=\"https:\/\/citrothello.net\/blog\/sm_1973_02_pim_02\/\" target=\"_blank\" rel=\"noopener\"><img aria-describedby=\"caption-attachment-11863\" loading=\"lazy\" class=\"wp-image-11863\" src=\"https:\/\/citrothello.net\/blog\/wp-content\/uploads\/2022\/11\/SM-02-PIM-1073-0060.jpg\" alt=\"\" width=\"267\" height=\"200\" srcset=\"https:\/\/citrothello.net\/blog\/wp-content\/uploads\/2022\/11\/SM-02-PIM-1073-0060.jpg 971w, https:\/\/citrothello.net\/blog\/wp-content\/uploads\/2022\/11\/SM-02-PIM-1073-0060-300x225.jpg 300w, https:\/\/citrothello.net\/blog\/wp-content\/uploads\/2022\/11\/SM-02-PIM-1073-0060-768x576.jpg 768w, https:\/\/citrothello.net\/blog\/wp-content\/uploads\/2022\/11\/SM-02-PIM-1073-0060-480x360.jpg 480w\" sizes=\"(max-width: 267px) 100vw, 267px\" \/><\/a><p id=\"caption-attachment-11863\" class=\"wp-caption-text\">SM 02 POUR MR. PIM 1973<\/p><\/div>\n<p><a style=\"display: inline !important;\" href=\"https:\/\/citrothello.net\/blog\/sm_1974_pim_uk_06\/\" target=\"_blank\" rel=\"noopener\"><img loading=\"lazy\" class=\"wp-image-11860\" src=\"https:\/\/citrothello.net\/blog\/wp-content\/uploads\/2022\/11\/SM-1974-PIM-UK-2197.jpg\" alt=\"\" width=\"267\" height=\"200\" srcset=\"https:\/\/citrothello.net\/blog\/wp-content\/uploads\/2022\/11\/SM-1974-PIM-UK-2197.jpg 971w, https:\/\/citrothello.net\/blog\/wp-content\/uploads\/2022\/11\/SM-1974-PIM-UK-2197-300x225.jpg 300w, https:\/\/citrothello.net\/blog\/wp-content\/uploads\/2022\/11\/SM-1974-PIM-UK-2197-768x576.jpg 768w, https:\/\/citrothello.net\/blog\/wp-content\/uploads\/2022\/11\/SM-1974-PIM-UK-2197-480x360.jpg 480w\" sizes=\"(max-width: 267px) 100vw, 267px\" \/><\/a><\/p>\n<p>SM 1974 POUR MR. PIM RESTAU INTEGRALE.<\/p>\n<div id=\"attachment_11108\" style=\"width: 279px\" class=\"wp-caption alignleft\"><a style=\"display: inline !important;\" href=\"https:\/\/citrothello.net\/blog\/sm_0003_domomique_03\/\" target=\"_blank\" rel=\"noopener noreferrer\"><img aria-describedby=\"caption-attachment-11108\" loading=\"lazy\" class=\"wp-image-11108\" src=\"https:\/\/citrothello.net\/blog\/wp-content\/uploads\/2021\/12\/SM-0003-1970-DOMINIQUE-1365.jpg\" alt=\"\" width=\"269\" height=\"202\" srcset=\"https:\/\/citrothello.net\/blog\/wp-content\/uploads\/2021\/12\/SM-0003-1970-DOMINIQUE-1365.jpg 971w, https:\/\/citrothello.net\/blog\/wp-content\/uploads\/2021\/12\/SM-0003-1970-DOMINIQUE-1365-300x225.jpg 300w, https:\/\/citrothello.net\/blog\/wp-content\/uploads\/2021\/12\/SM-0003-1970-DOMINIQUE-1365-768x576.jpg 768w, https:\/\/citrothello.net\/blog\/wp-content\/uploads\/2021\/12\/SM-0003-1970-DOMINIQUE-1365-480x360.jpg 480w\" sizes=\"(max-width: 269px) 100vw, 269px\" \/><\/a><p id=\"caption-attachment-11108\" class=\"wp-caption-text\">SM 00003 PLUS VIELLE DU MONDE<\/p><\/div>\n<div class=\"mceTemp\">\u00a0<\/div>\n<div id=\"attachment_10428\" style=\"width: 277px\" class=\"wp-caption alignleft\"><a style=\"display: inline !important;\" href=\"https:\/\/citrothello.net\/blog\/sm_1973_yves_03\/\" target=\"_blank\" rel=\"noopener noreferrer\"><img aria-describedby=\"caption-attachment-10428\" loading=\"lazy\" class=\"wp-image-10428\" src=\"https:\/\/citrothello.net\/blog\/wp-content\/uploads\/2020\/11\/SM-IE-1973-YVES-1012-1.jpg\" alt=\"\" width=\"267\" height=\"200\" srcset=\"https:\/\/citrothello.net\/blog\/wp-content\/uploads\/2020\/11\/SM-IE-1973-YVES-1012-1.jpg 853w, https:\/\/citrothello.net\/blog\/wp-content\/uploads\/2020\/11\/SM-IE-1973-YVES-1012-1-300x225.jpg 300w, https:\/\/citrothello.net\/blog\/wp-content\/uploads\/2020\/11\/SM-IE-1973-YVES-1012-1-768x576.jpg 768w, https:\/\/citrothello.net\/blog\/wp-content\/uploads\/2020\/11\/SM-IE-1973-YVES-1012-1-480x360.jpg 480w\" sizes=\"(max-width: 267px) 100vw, 267px\" \/><\/a><p id=\"caption-attachment-10428\" class=\"wp-caption-text\">SM INJECTION 1973 YVES RESTAU INTEGRALE<\/p><\/div>\n<p>\u00a0<\/p>\n<div id=\"attachment_10707\" style=\"width: 277px\" class=\"wp-caption alignleft\"><a style=\"display: inline !important;\" href=\"https:\/\/citrothello.net\/blog\/sm_1972_heinz_13\/\" target=\"_blank\" rel=\"noopener noreferrer\"><img aria-describedby=\"caption-attachment-10707\" loading=\"lazy\" class=\"wp-image-10707\" src=\"https:\/\/citrothello.net\/blog\/wp-content\/uploads\/2021\/04\/SM-1972-HEINZ-3352.jpg\" alt=\"\" width=\"267\" height=\"200\" srcset=\"https:\/\/citrothello.net\/blog\/wp-content\/uploads\/2021\/04\/SM-1972-HEINZ-3352.jpg 853w, https:\/\/citrothello.net\/blog\/wp-content\/uploads\/2021\/04\/SM-1972-HEINZ-3352-300x225.jpg 300w, https:\/\/citrothello.net\/blog\/wp-content\/uploads\/2021\/04\/SM-1972-HEINZ-3352-768x576.jpg 768w, https:\/\/citrothello.net\/blog\/wp-content\/uploads\/2021\/04\/SM-1972-HEINZ-3352-480x360.jpg 480w\" sizes=\"(max-width: 267px) 100vw, 267px\" \/><\/a><p id=\"caption-attachment-10707\" class=\"wp-caption-text\">SM USA RESTAU INTEGRALE T O<\/p><\/div>\n<div id=\"attachment_10763\" style=\"width: 277px\" class=\"wp-caption alignleft\"><a href=\"https:\/\/citrothello.net\/blog\/sm_ie_1973_lionel_04\/\" target=\"_blank\" rel=\"noopener noreferrer\"><img aria-describedby=\"caption-attachment-10763\" loading=\"lazy\" class=\"wp-image-10763\" src=\"https:\/\/citrothello.net\/blog\/wp-content\/uploads\/2021\/05\/SM-IE-1973-LIONEL-2021-1070.jpg\" alt=\"\" width=\"267\" height=\"200\" srcset=\"https:\/\/citrothello.net\/blog\/wp-content\/uploads\/2021\/05\/SM-IE-1973-LIONEL-2021-1070.jpg 853w, https:\/\/citrothello.net\/blog\/wp-content\/uploads\/2021\/05\/SM-IE-1973-LIONEL-2021-1070-300x225.jpg 300w, https:\/\/citrothello.net\/blog\/wp-content\/uploads\/2021\/05\/SM-IE-1973-LIONEL-2021-1070-768x576.jpg 768w, https:\/\/citrothello.net\/blog\/wp-content\/uploads\/2021\/05\/SM-IE-1973-LIONEL-2021-1070-480x360.jpg 480w\" sizes=\"(max-width: 267px) 100vw, 267px\" \/><\/a><p id=\"caption-attachment-10763\" class=\"wp-caption-text\">SM INJECTION 1973 LIONEL RESTAU MECANIQUE<\/p><\/div>\n<div class=\"mceTemp\">\u00a0<\/div>\n<p>\u00a0<\/p>\n<div id=\"attachment_9638\" style=\"width: 277px\" class=\"wp-caption alignleft\"><a style=\"display: inline !important;\" href=\"https:\/\/citrothello.net\/blog\/sm_1972_guy_luxembourg_01\/\"><img aria-describedby=\"caption-attachment-9638\" loading=\"lazy\" class=\"wp-image-9638\" src=\"https:\/\/citrothello.net\/blog\/wp-content\/uploads\/2019\/11\/SM-GUY-1972-LUXEMBOURG-0058.jpg\" alt=\"\" width=\"267\" height=\"200\" srcset=\"https:\/\/citrothello.net\/blog\/wp-content\/uploads\/2019\/11\/SM-GUY-1972-LUXEMBOURG-0058.jpg 853w, https:\/\/citrothello.net\/blog\/wp-content\/uploads\/2019\/11\/SM-GUY-1972-LUXEMBOURG-0058-300x225.jpg 300w, https:\/\/citrothello.net\/blog\/wp-content\/uploads\/2019\/11\/SM-GUY-1972-LUXEMBOURG-0058-768x576.jpg 768w, https:\/\/citrothello.net\/blog\/wp-content\/uploads\/2019\/11\/SM-GUY-1972-LUXEMBOURG-0058-480x360.jpg 480w\" sizes=\"(max-width: 267px) 100vw, 267px\" \/><\/a><p id=\"caption-attachment-9638\" class=\"wp-caption-text\">SM DE 1972 DE GUY AU LUXEMBOURG.<\/p><\/div>\n<div id=\"attachment_9109\" style=\"width: 277px\" class=\"wp-caption alignleft\"><a style=\"display: inline !important;\" href=\"https:\/\/citrothello.net\/blog\/dsm-othello-restauration-16\/\"><img aria-describedby=\"caption-attachment-9109\" loading=\"lazy\" class=\"wp-image-9109\" src=\"https:\/\/citrothello.net\/blog\/wp-content\/uploads\/2019\/02\/SM-DS21-OTHELLO-4175.jpg\" alt=\"\" width=\"267\" height=\"200\" srcset=\"https:\/\/citrothello.net\/blog\/wp-content\/uploads\/2019\/02\/SM-DS21-OTHELLO-4175.jpg 853w, https:\/\/citrothello.net\/blog\/wp-content\/uploads\/2019\/02\/SM-DS21-OTHELLO-4175-300x225.jpg 300w, https:\/\/citrothello.net\/blog\/wp-content\/uploads\/2019\/02\/SM-DS21-OTHELLO-4175-768x576.jpg 768w, https:\/\/citrothello.net\/blog\/wp-content\/uploads\/2019\/02\/SM-DS21-OTHELLO-4175-480x360.jpg 480w\" sizes=\"(max-width: 267px) 100vw, 267px\" \/><\/a><p id=\"caption-attachment-9109\" class=\"wp-caption-text\">MA SM USAGE INTENSIF ET HIVERNAL<\/p><\/div>\n<div id=\"attachment_7357\" style=\"width: 277px\" class=\"wp-caption alignleft\"><a style=\"text-align: center;\" href=\"http:\/\/www.citrothello.net\/ma-sm-1970-refection-de-la-partie-arriere-en-2005-2\/\"><img aria-describedby=\"caption-attachment-7357\" loading=\"lazy\" class=\"wp-image-7357 size-full\" title=\"MA SM CARBU V6 MASERATI ROUGE DE GRENADE FULL OPTIONS 1971\" src=\"https:\/\/citrothello.net\/blog\/wp-content\/uploads\/2013\/01\/SM-OTHELLO-DIVERS-TRAVAUX-2016-154-Copier.jpg\" alt=\"MA SM CARBU V6 MASERATI ROUGE DE GRENADE FULL OPTIONS 1971\" width=\"267\" height=\"200\" \/><\/a><p id=\"caption-attachment-7357\" class=\"wp-caption-text\">MA SM CARBU ROUGE DE GRENADE FULL OPTIONS 1971<\/p><\/div>\n<p>\u00a0<\/p>\n<div id=\"attachment_7554\" style=\"width: 277px\" class=\"wp-caption alignleft\"><a href=\"http:\/\/www.citrothello.net\/sm-1971-grise-remise-en-etat-mecanique-demontage\/\"><img aria-describedby=\"caption-attachment-7554\" loading=\"lazy\" class=\"wp-image-7554\" title=\"SM CARBU GRIS NACRE 1971\" src=\"http:\/\/www.citrothello.net\/blog\/wp-content\/uploads\/2013\/01\/SM-JOSE-GRISE-831-300x225.jpg\" alt=\"SM CARBU GRIS NACRE 1971\" width=\"267\" height=\"200\" srcset=\"https:\/\/citrothello.net\/blog\/wp-content\/uploads\/2013\/01\/SM-JOSE-GRISE-831-300x225.jpg 300w, https:\/\/citrothello.net\/blog\/wp-content\/uploads\/2013\/01\/SM-JOSE-GRISE-831-768x576.jpg 768w, https:\/\/citrothello.net\/blog\/wp-content\/uploads\/2013\/01\/SM-JOSE-GRISE-831-480x360.jpg 480w, https:\/\/citrothello.net\/blog\/wp-content\/uploads\/2013\/01\/SM-JOSE-GRISE-831.jpg 980w\" sizes=\"(max-width: 267px) 100vw, 267px\" \/><\/a><p id=\"caption-attachment-7554\" class=\"wp-caption-text\">SM CARBU GRIS NACRE 1971 POUPETTE<\/p><\/div>\n<p>\u00a0<\/p>\n<div id=\"attachment_7359\" style=\"width: 277px\" class=\"wp-caption alignleft\"><a href=\"http:\/\/www.citrothello.net\/sm-ie-1974-bleue-de-frank\/\"><img aria-describedby=\"caption-attachment-7359\" loading=\"lazy\" class=\"wp-image-7359 size-full\" title=\"SM IE BLEU PLATINE DE FRANCK\" src=\"https:\/\/citrothello.net\/blog\/wp-content\/uploads\/2013\/01\/SM-IEBLEU-LAST-WEEK-10-Copier.jpg\" alt=\"\" width=\"267\" height=\"200\" \/><\/a><p id=\"caption-attachment-7359\" class=\"wp-caption-text\">SM IE BLEU PLATINE DE FRANCK<\/p><\/div>\n<p>\u00a0<\/p>\n<div id=\"attachment_7355\" style=\"width: 277px\" class=\"wp-caption alignleft\"><a href=\"http:\/\/www.citrothello.net\/sm-1971-noire-restauration-integrale\/\"><img aria-describedby=\"caption-attachment-7355\" loading=\"lazy\" class=\"wp-image-7355 size-full\" title=\"SM CARBU NOIRE 1972 DE MARCEL\" src=\"https:\/\/citrothello.net\/blog\/wp-content\/uploads\/2013\/01\/SM-MARCEL-15-OCT-15-Copier.jpg\" alt=\"SM CARBU NOIRE 1972 DE MARCEL\" width=\"267\" height=\"200\" \/><\/a><p id=\"caption-attachment-7355\" class=\"wp-caption-text\">SM CARBU NOIRE 1972 DE MARCEL<\/p><\/div>\n<p>\u00a0<\/p>\n<div id=\"attachment_7427\" style=\"width: 277px\" class=\"wp-caption alignleft\"><a href=\"http:\/\/www.citrothello.net\/sm-1970-numero-00039-de-jose\/\"><img aria-describedby=\"caption-attachment-7427\" loading=\"lazy\" class=\"wp-image-7427 size-full\" title=\"SM 000039 DE JOSE\" src=\"https:\/\/citrothello.net\/blog\/wp-content\/uploads\/2013\/01\/SM-0039-JOSE-Copier.jpg\" alt=\"\" width=\"267\" height=\"200\" \/><\/a><p id=\"caption-attachment-7427\" class=\"wp-caption-text\">SM 00039 DE JOSE, UNE DES PLUS VIELLES SM DU MONDE<\/p><\/div>\n<p>\u00a0<\/p>\n<div id=\"attachment_7361\" style=\"width: 277px\" class=\"wp-caption alignleft\"><a href=\"http:\/\/www.citrothello.net\/sm-ie-1973-guy-en-valais\/\"><img aria-describedby=\"caption-attachment-7361\" loading=\"lazy\" class=\"wp-image-7361 size-full\" title=\"SM INJECTION 1973 DE GUY\" src=\"https:\/\/citrothello.net\/blog\/wp-content\/uploads\/2013\/01\/SM-GUY-VISITE-12-Copier.jpg\" alt=\"SM INJECTION 1973 DE GUY\" width=\"267\" height=\"200\" \/><\/a><p id=\"caption-attachment-7361\" class=\"wp-caption-text\">SM INJECTION 1973 DE GUY RESTAURATION MECANIQUE<\/p><\/div>\n<p>\u00a0<\/p>\n<div id=\"attachment_7358\" style=\"width: 277px\" class=\"wp-caption alignleft\"><a href=\"http:\/\/www.citrothello.net\/sm-ie-1974-brun-roquebrune\/\"><img aria-describedby=\"caption-attachment-7358\" loading=\"lazy\" class=\"wp-image-7358 size-full\" title=\"SM INJECTION 1974 BRUN ROQUEBRUNE DE VANCO\" src=\"https:\/\/citrothello.net\/blog\/wp-content\/uploads\/2013\/01\/SM-INJ-EN-PHOTOS-53-Copier.jpg\" alt=\"SM INJECTION 1974 BRUN ROQUEBRUNE DE VANCO\" width=\"267\" height=\"200\" \/><\/a><p id=\"caption-attachment-7358\" class=\"wp-caption-text\">SM INJECTION 1974 BRUN ROQUEBRUNE DE VANCO<\/p><\/div>\n<p>\u00a0<\/p>\n<div id=\"attachment_7429\" style=\"width: 265px\" class=\"wp-caption alignleft\"><a href=\"http:\/\/www.citrothello.net\/sm-1972-au-canada-remontage-carrosserie\/\"><img aria-describedby=\"caption-attachment-7429\" loading=\"lazy\" class=\"wp-image-7429 \" title=\"SM 1972 DE MARCEL AU CANADA\" src=\"https:\/\/citrothello.net\/blog\/wp-content\/uploads\/2013\/01\/SM-CANADA-CC-46-Copier.jpg\" alt=\"SM 1972 DE MARCEL AU CANADA\" width=\"255\" height=\"191\" \/><\/a><p id=\"caption-attachment-7429\" class=\"wp-caption-text\">SM 1972 DE MARCEL AU CANADA<\/p><\/div>\n<div id=\"attachment_7370\" style=\"width: 265px\" class=\"wp-caption alignleft\"><img aria-describedby=\"caption-attachment-7370\" loading=\"lazy\" class=\"wp-image-7370\" src=\"https:\/\/citrothello.net\/blog\/wp-content\/uploads\/2013\/01\/SM-CLIM-JEAN-MARIE-Copier.jpg\" alt=\"\" width=\"255\" height=\"191\" \/><p id=\"caption-attachment-7370\" class=\"wp-caption-text\">SM CARBURATEUR 1972 BLANCHE<\/p><\/div>\n\n\n<figure class=\"wp-block-image size-full is-resized\"><img loading=\"lazy\" class=\"alignleft wp-image-11370\" src=\"https:\/\/citrothello.net\/blog\/wp-content\/uploads\/2022\/03\/SM-JOSE-GRISE-908.jpg\" alt=\"SM 1971 GRISE REMISE EN ETAT\" width=\"267\" height=\"200\" srcset=\"https:\/\/citrothello.net\/blog\/wp-content\/uploads\/2022\/03\/SM-JOSE-GRISE-908.jpg 980w, https:\/\/citrothello.net\/blog\/wp-content\/uploads\/2022\/03\/SM-JOSE-GRISE-908-300x225.jpg 300w, https:\/\/citrothello.net\/blog\/wp-content\/uploads\/2022\/03\/SM-JOSE-GRISE-908-768x576.jpg 768w, https:\/\/citrothello.net\/blog\/wp-content\/uploads\/2022\/03\/SM-JOSE-GRISE-908-480x360.jpg 480w\" sizes=\"(max-width: 267px) 100vw, 267px\" \/><\/figure>\n<p>\n\n\n<\/p><p><\/p>\n<p><img loading=\"lazy\" class=\"wp-image-7367 alignnone\" title=\"SM INJECTION 1973 DE FRED\" src=\"http:\/\/www.citrothello.net\/blog\/wp-content\/uploads\/2013\/01\/SM-IEFRED-PHOTOS-RETOUR-19-Copier.jpg\" alt=\"\" width=\"246\" height=\"164\"\/><\/p>\n\n\n<p><\/p>\n","protected":false},"excerpt":{"rendered":"<p>\u00a0 LES CITRO\u00cbN SM QUE J&rsquo;AI RESTAUR\u00c9ES (COMPL\u00c8TES\u00a0OU PARTIELLES), OU EN COURS DE RESTAURATION. SM 1973 RESTAURATION TOTALE\u00a0 \u00a0 \u00a0 \u00a0 \u00a0SM 1970 DOM ET NICO RESTAU TOTALE SM 1971 CARBU GRIS METAL \u00a0 \u00a0 SM 1974 POUR MR. PIM &hellip; <a href=\"https:\/\/citrothello.net\/blog\/restaurations-sm-4\/\">Continue reading <span class=\"meta-nav\">&rarr;<\/span><\/a><\/p>\n","protected":false},"author":1,"featured_media":0,"parent":0,"menu_order":0,"comment_status":"closed","ping_status":"closed","template":"","meta":[],"_links":{"self":[{"href":"https:\/\/citrothello.net\/blog\/wp-json\/wp\/v2\/pages\/1660"}],"collection":[{"href":"https:\/\/citrothello.net\/blog\/wp-json\/wp\/v2\/pages"}],"about":[{"href":"https:\/\/citrothello.net\/blog\/wp-json\/wp\/v2\/types\/page"}],"author":[{"embeddable":true,"href":"https:\/\/citrothello.net\/blog\/wp-json\/wp\/v2\/users\/1"}],"replies":[{"embeddable":true,"href":"https:\/\/citrothello.net\/blog\/wp-json\/wp\/v2\/comments?post=1660"}],"version-history":[{"count":93,"href":"https:\/\/citrothello.net\/blog\/wp-json\/wp\/v2\/pages\/1660\/revisions"}],"predecessor-version":[{"id":13088,"href":"https:\/\/citrothello.net\/blog\/wp-json\/wp\/v2\/pages\/1660\/revisions\/13088"}],"wp:attachment":[{"href":"https:\/\/citrothello.net\/blog\/wp-json\/wp\/v2\/media?parent=1660"}],"curies":[{"name":"wp","href":"https:\/\/api.w.org\/{rel}","templated":true}]}}